der when 66022995 is divided by 57.
9
Calculate the remainder when 475861 is divided by 5172.
37
What is the remainder when 9298887 is divided by 51?
6
Calculate the remainder when 110105 is divided by 261.
224
Calculate the remainder when 70323397 is divided by 67.
63
What is the remainder when 15735771 is divided by 57?
9
What is the remainder when 26465940 is divided by 284?
264
What is the remainder when 26451034 is divided by 321?
313
Calculate the remainder when 1273862 is divided by 1157.
5
Calculate the remainder when 424770 is divided by 105144.
4194
What is the remainder when 392835 is divided by 226?
47
What is the remainder when 5377890 is divided by 134446?
50
Calculate the remainder when 869087 is divided by 280.
247
Calculate the remainder when 69764 is divided by 61929.
7835
Calculate the remainder when 685281 is divided by 10706.
97
Calculate the remainder when 939258 is divided by 25385.
13
Calculate the remainder when 2559870 is divided by 365695.
5
What is the remainder when 9188 is divided by 8765?
423
What is the remainder when 1156239 is divided by 385404?
27
Calculate the remainder when 938953 is divided by 938899.
54
What is the remainder when 13530243 is divided by 527?
45
What is the remainder when 2675841 is divided by 1122?
993
What is the remainder when 30862 is divided by 3342?
784
What is the remainder when 173375 is divided by 336?
335
Calculate the remainder when 2632156 is divided by 856.
812
What is the remainder when 464902 is divided by 543?
94
What is the remainder when 81759951 is divided by 20?
11
Calculate the remainder when 1254780 is divided by 2011.
1927
What is the remainder when 3182274 is divided by 1591116?
42
Calculate the remainder when 4572785 is divided by 252.
245
Calculate the remainder when 740568 is divided by 1603.
1585
Calculate the remainder when 4363078 is divided by 1147.
1037
Calculate the remainder when 16750307 is divided by 2903.
2900
What is the remainder when 76291 is divided by 35320?
5651
What is the remainder when 905493 is divided by 2151?
2073
Calculate the remainder when 27190264 is divided by 175421.
9
What is the remainder when 244569 is divided by 1087?
1081
Calculate the remainder when 59912 is divided by 45.
17
What is the remainder when 1420842 is divided by 1383?
501
Calculate the remainder when 96481 is divided by 254.
215
Calculate the remainder when 3717624 is divided by 3717603.
21
What is the remainder when 54790710 is divided by 3335?
3330
Calculate the remainder when 344483 is divided by 2035.
568
Calculate the remainder when 39383095 is divided by 415.
10
Calculate the remainder when 328586 is divided by 16427.
46
What is the remainder when 24575036 is divided by 59?
2
Calculate the remainder when 25407 is divided by 58.
3
Calculate the remainder when 6973872 is divided by 19.
17
Calculate the remainder when 13894829 is divided by 448220.
9
What is the remainder when 31675318 is divided by 2780?
2778
What is the remainder when 44012627 is divided by 440126?
27
Calculate the remainder when 301213 is divided by 301174.
39
What is the remainder when 70777 is divided by 7840?
217
Calculate the remainder when 10407883 is divided by 355.
348
Calculate the remainder when 418367770 is divided by 82.
80
What is the remainder when 3851901 is divided by 119?
109
Calculate the remainder when 2724425 is divided by 231.
11
Calculate the remainder when 1179859274 is divided by 1072.
1066
Calculate the remainder when 137977 is divided by 10.
7
Calculate the remainder when 34662822 is divided by 11554273.
3
Calculate the remainder when 147900 is divided by 14.
4
Calculate the remainder when 1983182 is divided by 1141.
124
What is the remainder when 37636 is divided by 27850?
9786
What is the remainder when 440711 is divided by 440696?
15
What is the remainder when 3094241 is divided by 5939?
22
What is the remainder when 6566462 is divided by 1928?
1622
What is the remainder when 4530198 is divided by 28?
22
What is the remainder when 727493 is divided by 625?
618
Calculate the remainder when 328684037 is divided by 164342017.
3
Calculate the remainder when 208249 is divided by 862.
507
What is the remainder when 614195 is divided by 40859?
1310
Calculate the remainder when 739638 is divided by 28416.
822
Calculate the remainder when 721787 is divided by 240181.
1244
What is the remainder when 41805468 is divided by 2351?
2337
What is the remainder when 8404 is divided by 4078?
248
What is the remainder when 5003772 is divided by 337?
333
Calculate the remainder when 627784 is divided by 1531.
74
What is the remainder when 3002511 is divided by 3002198?
313
Calculate the remainder when 18862785 is divided by 509805.
0
Calculate the remainder when 84712481 is divided by 65.
61
What is the remainder when 464288943 is divided by 5392?
5391
What is the remainder when 19623 is divided by 143?
32
What is the remainder when 10569702 is divided by 5284811?
80
Calculate the remainder when 1445034 is divided by 67.
45
Calculate the remainder when 655238 is divided by 79.
12
What is the remainder when 4054897 is divided by 54?
37
What is the remainder when 77476 is divided by 25815?
31
What is the remainder when 567958 is divided by 2502?
4
What is the remainder when 32542540 is divided by 1498?
1486
Calculate the remainder when 312776 is divided by 151.
55
What is the remainder when 331913 is divided by 33?
32
What is the remainder when 109554364 is divided by 525?
514
Calculate the remainder when 303553 is divided by 59.
57
What is the remainder when 814343 is divided by 1785?
383
Calculate the remainder when 145272 is divided by 178.
24
What is the remainder when 236967 is divided by 301?
80
What is the remainder when 9687976 is divided by 3229292?
100
Calculate the remainder when 98558 is divided by 14.
12
Calculate the remainder when 951803 is divided by 1169.
237
What is the remainder when 8704813 is divided by 191?
179
What is the remainder when 370638 is divided by 370505?
133
What is the remainder when 113196621 is divided by 127?
124
Calculate the remainder when 35586345 is divided by 6914.
6901
Calculate the remainder when 67217 is divided by 31051.
5115
Calculate the remainder when 1322163 is divided by 5464.
5339
What is the remainder when 51495 is divided by 118?
47
Calculate the remainder when 64849840 is divided by 18.
16
What is the remainder when 24055 is divided by 1775?
980
What is the remainder when 92714465 is divided by 157?
156
Calculate the remainder when 2112694 is divided by 176050.
94
What is the remainder when 428073 is divided by 5993?
2570
Calculate the remainder when 34241 is divided by 32124.
2117
What is the remainder when 332868794 is divided by 9?
5
Calculate the remainder when 17787653 is divided by 165.
158
Calculate the remainder when 52365799 is divided by 265816.
47
What is the remainder when 17048 is divided by 16981?
67
What is the remainder when 188144 is divided by 2357?
1941
Calculate the remainder when 9639 is divided by 1351.
182
Calculate the remainder when 10205630 is divided by 11867.
10
Calculate the remainder when 931217 is divided by 19400.
17
What is the remainder when 13318 is divided by 12589?
729
What is the remainder when 63181 is divided by 3491?
343
Calculate the remainder when 569066 is divided by 3161.
86
Calculate the remainder when 69610934 is divided by 23203637.
23
Calculate the remainder when 66757315 is divided by 112.
51
Calculate the remainder when 4751285 is divided by 571.
565
What is the remainder when 1295604 is divided by 40470?
564
Calculate the remainder when 1390658 is divided by 44.
38
What is the remainder when 441420 is divided by 158?
126
What is the remainder when 48982 is divided by 125?
107
Calculate the remainder when 21866298 is divided by 18.
6
What is the remainder when 183431 is divided by 36686?
1
What is the remainder when 113293107 is divided by 5?
2
What is the remainder when 209405174 is divided by 10947?
11
What is the remainder when 95643578 is divided by 405?
398
Calculate the remainder when 144288764 is divided by 1536.
1532
Calculate the remainder when 369102 is divided by 46077.
486
What is the remainder when 67987963 is divided by 146?
143
Calculate the remainder when 1092740 i